he tens digit of f?
4
Let d be 385/(-49) + 1/(-7). Let r = d - -77. What is the tens digit of r?
6
Let q(c) = -c**3 - 9*c**2 + 9*c + 6. Let n be q(-10). Suppose n = -5*b + b. What is the units digit of b/6 + 208/6?
4
Suppose -3*n - 2*x - 129 = 0, 0*n + n + 5*x + 56 = 0. What is the units digit of (-48)/(-12)*n/(-4)?
1
Let y = 3 - -66. Suppose 3*x + y = 216. What is the units digit of x?
9
Suppose 4*w - 3*d = -16, 3*d + 8 = -2*w - 0*d. Let p be (-2)/(w*(-3)/18). What is the tens digit of (-7 - p) + 1*35?
3
Suppose -4*c = 4*h - 10776, -25*h + 10812 = -21*h - 5*c. What is the units digit of h?
8
Let b(j) = 7 + 1 + 1 - 29*j - 1. Let i(m) = 29*m - 7. Let n(a) = -6*b(a) - 7*i(a). What is the units digit of n(-1)?
0
Let r(o) = -5*o - 3. Let d be r(5). What is the tens digit of 1*-1*(d - 4)?
3
Let v(s) be the second derivative of -7*s**3/3 + 4*s**2 + 13*s. What is the units digit of v(-3)?
0
What is the units digit of (-2 - -14)/(-3) + (-9 - -766)?
3
What is the hundreds digit of (-38247)/(-76) - (-1)/4*-5?
5
Let c = 9 - -6. Let z be (12/10)/(c/(-50)). What is the units digit of ((-19)/(-3))/(z/(-24))?
8
Suppose 9*b = 10*b + 53. Let g = -20 - b. What is the units digit of g?
3
Let u(w) = -w + 8. Let i be u(6). Let z(f) = 10 + i*f - 1 - 2. What is the tens digit of z(9)?
2
Suppose 13202 = 15*g - 28303. What is the hundreds digit of g?
7
Let l be (1 + 0)*(3 - -10). Let c(j) = -4*j**2 - l*j + 4 + 1 + 5*j**2 - 2*j**2. What is the units digit of c(-13)?
5
Let g = 81 - 82. Let z(y) = 59*y**2 - 3*y - 2. What is the units digit of z(g)?
0
Let t be ((1 + -1)/(-3))/(-1). Suppose 5*g + t*g = 15. Suppose -g*k + 130 = 4*s, -3*k + k - 4*s = -80. What is the units digit of k?
0
Suppose 10 = 3*q - 2*b, -3*q = -b - 3*b - 20. What is the tens digit of q + (-2936)/(-28) - (-2)/14?
0
Let o be ((-12)/(-30))/(2/1790). Let d = o - 254. Let z = -67 + d. What is the tens digit of z?
3
Let t(a) = 14*a + 11. Let l be t(6). Suppose 2*v + 3*v = -l. Let u = v - -45. What is the units digit of u?
6
Let r(y) = -y**2 + 2*y + 3. Let p be r(2). Suppose 2*j - p*j = -40. Suppose -g + 5*g = j. What is the units digit of g?
0
Let g(v) = -v**3 + 11*v**2 + 12*v + 25. Let a(l) = l + 31. Let k be a(-20). What is the tens digit of g(k)?
5
Let p = 766 - 496. What is the units digit of p?
0
What is the units digit of (-2)/7 + 1 + (-2130)/(-7)?
5
Let n(o) = o**2 + 9*o + 347. What is the units digit of n(-44)?
7
Let g(l) be the second derivative of l**5/20 - l**4/6 - l**3/3 - l**2 - 18*l. Suppose -3 = -4*j + 5, 5*y - j = 18. What is the units digit of g(y)?
2
Suppose 2*o + 2 = 10. Suppose 179 = o*g + 4*r - r, -g = -2*r - 42. What is the units digit of g?
4
Suppose 12*i - 3662 = -s + 15*i, -4*s + 2*i + 14648 = 0. What is the thousands digit of s?
3
What is the tens digit of (3 - (-65)/(-15)) + (-2347)/(-3)?
8
Let p(s) = -7*s - 36. What is the units digit of p(-18)?
0
Let y(h) = -h**3 - 2*h**2 + h + 2. Let n be y(-2). Suppose x + 3*x - 8 = -4*v, n = -3*x + 3*v - 12. What is the tens digit of (15/20)/(x/(-24))?
1
Suppose 3*h + 168 = 15*h. Suppose -d + 21 = 4*m + 5, 4*m - 3*d = 0. Suppose m*p = 4*b - 5 - 2, -5*b = -2*p - h. What is the units digit of p?
3
Suppose 0 = -2*f - 0*f - 3*t - 19, -2*f = -2*t + 24. Let b(z) = z**3 + 10*z**2 - 12*z + 7. What is the tens digit of b(f)?
1
Let x = 764 + -48. What is the hundreds digit of x?
7
Suppose 22*b + 8 = 21*b. Let o(t) = -4*t - 13. What is the units digit of o(b)?
9
Suppose -3*d + 1 = -14. Suppose 2*t - 76 = -3*v + 83, -4*t = d*v - 263. What is the tens digit of v?
5
Let z(b) = 8*b - 19. Let a be z(5). Suppose 0 = a*v - 4*v - 3043. What is the hundreds digit of v?
1
Let h(s) = -294*s - 77. What is the units digit of h(-1)?
7
Let a(h) = -h**3 - 3*h**2 + 11*h - 10. What is the units digit of a(-9)?
7
Suppose 2*z = 4*z. Let d be 0 - z - -1 - -2. Suppose y - h = 16, -h = d*h + 4. What is the tens digit of y?
1
Let g = -118 - -82. Let u be (-19 - -7)*(-1)/2. What is the units digit of -6*3/u - g?
3
Let o = 29 - -215. What is the units digit of o?
4
What is the hundreds digit of 1 - 16/(-8) - -1137?
1
Suppose -4*n - 2*h = -6, -2*n - 2*n = 5*h - 15. Let l(k) = -k. Let z be l(n). Suppose -3*b + 4*s + 68 + 7 = z, 0 = 3*b - s - 75. What is the tens digit of b?
2
Let r(a) = 241*a + 207. What is the units digit of r(11)?
8
Let i = -60 - -55. What is the units digit of 3/1 + (-700)/i?
3
Suppose 0 = 2*r + 2*j - 344, -3*r - 2*r = -3*j - 852. What is the tens digit of r?
7
Suppose 6*g = -0*g + 570. What is the units digit of 1*(-2 + 4 + g)?
7
Suppose -5*z - s = -10823, -2*z + 4337 = -s + 4*s. What is the thousands digit of z?
2
Suppose d + 3 = 0, 5*o - 602 = d + 4016. What is the units digit of o/26 + 2/(-4)?
5
Let y = -55 - -83. Suppose -q = -4*q - 2*g - 18, -3*q - 30 = -2*g. Let w = y + q. What is the tens digit of w?
2
Let r = 33 + -28. Suppose -189 = -r*f - 39. What is the units digit of (-4)/f - (-1714)/30?
7
Suppose 33 + 47 = 4*g. Suppose 4*k + 3*x = g, -k + 4*x = 15 - 1. Suppose 1 + 95 = k*a. What is the units digit of a?
8
What is the hundreds digit of -31*(-63 + (4 - 4))?
9
Suppose 5*s - 37 = -12. Suppose r + 6 = -y + 2*y, -38 = -s*y + 3*r. Suppose 3*d = 4*d - y. What is the units digit of d?
0
Suppose 16 = -3*r + 31. Suppose r*q + 220 = 575. What is the tens digit of q?
7
Let z(h) = h**3 - 11*h**2 - 11*h - 9. Let a be z(12). Suppose a*f - 96 = 15. What is the units digit of f?
7
Let k(r) = 6*r + 29. Let x be k(-4). Suppose 3*b = -3*t - 319 + 946, -5*t + x*b = -1005. What is the tens digit of t?
0
Suppose -12*f - 181 = -2245. What is the units digit of f?
2
Suppose -14*w + 1535 = -16469. What is the units digit of w?
6
Let f(i) = -i**2 + i - 1. Let d(u) = u**3 + 11*u**2 - 2*u - 5. Suppose 9*l - 9 = 12*l. Let r(z) = l*f(z) - d(z). What is the units digit of r(-8)?
6
Let d(x) be the third derivative of x**6/120 - 2*x**5/15 + x**4/12 - 7*x**3/6 - 12*x**2. What is the units digit of d(8)?
9
Let n(f) = f**3 - 20*f**2 - 19*f - 29. Let q be n(21). What is the units digit of 94 + 1 - (8 + (5 - q))?
5
Let j = 13 - 4. Let y = 11 - j. Suppose y*f = 9 - 1. What is the units digit of f?
4
Suppose -j - 6 = -3*j. Suppose -i - 12 = -j*i. Suppose g + i - 24 = 0. What is the tens digit of g?
1
Suppose -2*i + 0 = 4*a - 2, -a - 2*i = 4. Let u(c) = 10*c - 5 - c**3 - c + 8*c**2 - 3*c**a. What is the tens digit of u(6)?
1
Suppose -4*p + 4*a = -4984, 5*a = -2*p + a + 2480. Suppose 7*b - p - 366 = 0. What is the units digit of b?
0
What is the hundreds digit of (0 - 10/6) + (-6900)/(-9)?
7
Let p(g) = -g**3 - g**2 + g - 1. Let o(l) = 5*l**3 + 22*l**2 - l + 2. Let y(f) = -o(f) - 4*p(f). What is the tens digit of y(-18)?
5
Suppose 5*r - 3058 = 3*b + 1641, 0 = -4*r + 5*b + 3754. What is the tens digit of r?
4
Suppose 4*h - 3*q - 100 - 120 = 0, 274 = 5*h - 4*q. What is the tens digit of h?
5
Suppose 0 = 3*v + 5*v - 32. Suppose -263 = -5*d + 2*r, -4*d - 5*r = -v*r - 200. What is the units digit of d?
1
Suppose 0 = -2*s - 3*s - d + 103, 19 = s + d. Let h = -17 + s. Suppose 0 = g + h*g - 10, 0 = -y - 3*g + 44. What is the tens digit of y?
3
Suppose -v + 312 = 3*z, -v + 924 = 2*v + 5*z. What is the hundreds digit of v?
3
Suppose -302 = 90*h - 92*h. What is the tens digit of h?
5
Let s be (-6)/(-3 + 0 + 6/4). Let l(u) = 12*u - 5. What is the tens digit of l(s)?
4
What is the tens digit of ((-24)/(-12) + -1)*(0 - -505)?
0
Let k(j) be the first derivative of -11 - 15/2*j**2 - 15*j - 1/3*j**3. What is the tens digit of k(-13)?
1
Let h = 24 + -32. Let l be (-1 + 4/8)*h. What is the units digit of (l/3)/((-10)/(-15))?
2
Suppose 0*y - 3*k = -y + 16, -30 = -5*y + 5*k. What is the units digit of (27/4)/(y/4)?
7
Let d(z) = 5*z**2 + 3*z + 2. Let n be d(-2). Suppose -n = i - 83. Suppose -2*j - 13 = -i. What is the units digit of j?
7
Let c(j) = -j**3 + 2*j**2 + 2*j + 4. Let o be c(3). Let p be (4 + -3)/(o/3). Suppose -2*s + 51 = 5*y, p*s + s = 3*y + 115. What is the tens digit of s?
2
Let z = -1313 + 2783. Suppose 18*v = 8*v + z. What is the hundreds digit of v?
1
Let i = -28 - 9. Let r = -32 - i. What is the units digit of r?
5
Let b = -75 + 125. Suppose 7*s = b + 48. What is the tens digit of s?
1
Let q be 5325/(-10)*2*1/(-3). Let v = q + -174. What is the units digit of v?
1
Suppose 2*k + u = -0*u + 2